 21 is divided by w?
10
Let x(k) = 3*k - 2. Let r(j) = j. Let u be r(2). Let s be x(u). Suppose -s*c = 2*b - 24, -c + 3*b + 2 = -4. What is the remainder when 23 is divided by c?
5
Let i(z) = -z. Let g be i(-2). Calculate the remainder when 9 is divided by (2/(-5))/(g/(-20)).
1
Calculate the remainder when ((-545)/(-10))/((-3)/(-6)) is divided by 28.
25
Let a = -4 - 4. Let l be (-3)/(-2) + (-4)/a. Suppose -l*i = 4*d - 8, 5*d - i = i + 10. Calculate the remainder when 3 is divided by d.
1
Suppose r - 5*t = -2*r + 31, 2*r - 20 = 3*t. What is the remainder when r is divided by 1?
0
Let d(t) = 3*t - 5. Let f(m) = -3*m - 1. Let h be f(-2). Suppose -z + c = 3*c, 2*z + 3*c - 3 = 0. What is the remainder when d(h) is divided by z?
4
Suppose 3*y - 3 = -30. Let c(q) = 5 + 8*q - 3 + 0*q**2 + q**2. What is the remainder when 31 is divided by c(y)?
9
Suppose 17*g + 2*g = 1653. What is the remainder when g is divided by 22?
21
Suppose -2*b + 7 + 23 = 0. Calculate the remainder when b is divided by 7.
1
Let b(d) = -d**2 + 9*d - 8. Calculate the remainder when b(4) is divided by 8.
4
Let w(p) = p**2 + 5*p + 3. Let y be w(-5). Suppose -j = -y*m - 64, -3*m + 181 = 2*j + 2*j. What is the remainder when j is divided by 17?
15
Let i(k) be the second derivative of k**3 - k**2 + 4*k. Calculate the remainder when 19 is divided by i(2).
9
Let m be (-507)/(-26) + (-2)/(-4). Suppose m = 3*a - 5*g, 4*a - 23 - 52 = -3*g. What is the remainder when a is divided by 4?
3
Suppose 3*a + y - 3 = 0, 4*y = -5*a - 1 - 1. Calculate the remainder when a is divided by 2.
0
Suppose 2*b + 0 = 8. Suppose 9*x = b*x + 95. Let a(j) = 3*j + 19. What is the remainder when x is divided by a(-3)?
9
Let m = -9 + -9. Let u = 21 + m. What is the remainder when 5 is divided by u?
2
Suppose 2*s = 7 - 3. Calculate the remainder when 45 is divided by 16 - ((2 - 0) + s).
9
Let g = -12 + 33. Let y = g + -9. What is the remainder when 22 is divided by y?
10
Suppose -3*m - y = -2*m - 10, -4*m + 32 = 2*y. What is the remainder when 15 + (-26)/(-22) + (-58)/319 is divided by m?
4
Suppose -3*q = -29 - 52. Calculate the remainder when q is divided by 17.
10
Let z = 41 + -25. What is the remainder when 43 is divided by z?
11
Let h(j) = -2*j. Let r be ((-6)/3)/(3 - 1). Let o be h(r). Suppose 4*b + 3*q - 61 = -2*q, -o*b + 38 = 4*q. Calculate the remainder when 17 is divided by b.
8
Let w(r) = 2*r**3 - 7*r**2 - 5*r - 1. Let z(k) = -3*k**3 + 15*k**2 + 10*k + 2. Let g(t) = 5*w(t) + 3*z(t). What is the remainder when g(-7) is divided by 29?
26
Let j = 17 - 9. Calculate the remainder when 15 is divided by j.
7
Let u(g) = 4*g**3 + 2*g**2 + 3*g - 4. Let s(l) = 7*l**3 + 5*l**2 + 5*l - 7. Let r(b) = 3*s(b) - 5*u(b). Calculate the remainder when 67 is divided by r(-3).
16
Calculate the remainder when (5 - (5 + 2))/(2/(-23)) is divided by 8.
7
Suppose -n - 2 = -10. Suppose 2*t - 8 = n. Suppose -y = -3*y + 10. Calculate the remainder when t is divided by y.
3
Let a = 5 + -1. Suppose -q + a*v = -22, q + 2*v - 34 = -0*v. What is the remainder when q is divided by 11?
8
Suppose 13*g = 17*g - 8. Suppose 0 = g*w - w - 10. What is the remainder when 38 is divided by w?
8
Let p = -41 + 78. Let y = -16 + p. Calculate the remainder when y is divided by 8.
5
Let y = -14 - -28. What is the remainder when 37 is divided by y?
9
Suppose 3*a + 2*q - 14 = 0, 8*q = 4*q - 8. Let g be 2/(-3) + 3/(-9). Calculate the remainder when (-12)/g - (-4 + 5) is divided by a.
5
Suppose 2*a - 25 + 3 = 0. Let s = 15 - a. What is the remainder when 10 is divided by s?
2
Let d = -60 - -72. What is the remainder when d is divided by 7?
5
Suppose -26 = 5*h - m + 60, -4*h = 4*m + 88. Let c be ((-24)/h)/((-2)/6). Calculate the remainder when c/6 + (-168)/(-9) is divided by 10.
8
Suppose 0 = -4*f + 49 - 5. Let m be -2 - (1 - 2)*9. What is the remainder when f is divided by (-8)/(-10)*(m + -2)?
3
Suppose 0 = -n + 5*n - 48. Calculate the remainder when -2 + -1 + 50 - 0 is divided by n.
11
Suppose 15*n = 12*n + 9. Let g = -25 - -35. Calculate the remainder when g is divided by n.
1
Calculate the remainder when 102 is divided by (2 - (-69)/(-3))*-1.
18
What is the remainder when 42 is divided by (-1 + -1)/(12/(-24))?
2
What is the remainder when (-2016)/(-27) - (-2)/6 is divided by 19?
18
Suppose -3*x - 2*y = -34, 4*x - 42 = -3*y + 2*y. Suppose -2*d = x, 0*d = 2*g - 4*d - 28. What is the remainder when (-4 - (0 + 3))/(-1) is divided by g?
3
Suppose -j = -c + 2, 7*j + 4 = 3*j + 3*c. What is the remainder when 1 + 3*(3 - 2) is divided by j?
0
Let y(d) = 5*d - 11. Calculate the remainder when 34 is divided by y(4).
7
Suppose 3*t - 978 = -3*r, 0*t - 4*t + 3*r + 1339 = 0. What is the remainder when (-2)/7 - t/(-7) is divided by 24?
23
Suppose 4*c = 3*x + 3*c - 31, -2*c = -4*x + 38. Suppose 6 + 10 = 4*b - 5*r, x = 3*b - 4*r. Calculate the remainder when 15 is divided by b.
3
Suppose 3*z = -41 - 70. Let l = -25 - z. What is the remainder when 45 is divided by l?
9
Suppose 4*l - 5*z - 119 = 0, -186 = -5*l + 3*z - 34. Suppose 4 - 30 = -4*c + 3*s, -6 = -3*s. What is the remainder when l is divided by c?
7
Let c be (-3 + 2)/((-3)/6). Suppose c*y - 22 = 4*y. Let n(s) = s**2 + 11*s + 11. What is the remainder when 32 is divided by n(y)?
10
Suppose 9*k - 150 = 4*k. Suppose -t + 4 = -2*l + 2, 2*l + 3*t - 6 = 0. Suppose l = -2*m - 0 + k. What is the remainder when 44 is divided by m?
14
Let v(w) = 2*w**2 - 1. Let c be v(-2). Let u = 14 - c. What is the remainder when 27 is divided by u?
6
Suppose 0 = c + 2*c - 12, 0 = 5*w + 2*c - 263. What is the remainder when w is divided by (18/4)/(1/4)?
15
Let p = 8 + 0. Suppose g - 119 = -5*a, 2*a + 5*g - 112 = -2*a. What is the remainder when a is divided by p?
7
Suppose 0 = 3*q - t - 11, 5*q + 0*t - 2*t - 17 = 0. Calculate the remainder when 38 is divided by q.
3
Let x = 459 - 243. Suppose -i - 3*i = -x. What is the remainder when i is divided by 14?
12
Suppose -5*d - 3*p + 26 + 25 = 0, 3*p - 6 = 0. What is the remainder when 41 is divided by d?
5
Let s = 109 + -86. Calculate the remainder when 90 is divided by s.
21
Let u = 13 - -43. Calculate the remainder when u is divided by 22.
12
Let w(f) = f. Let u(z) = 2*z. Let r(t) = -2*u(t) + 5*w(t). Calculate the remainder when 4 is divided by r(3).
1
Suppose -15*a + 4*a = -209. What is the remainder when 73 is divided by a?
16
Let i(j) = 37*j**2. Calculate the remainder when i(-1) is divided by 10.
7
Let i = -2 + 33. Calculate the remainder when 54 is divided by i.
23
Suppose 4*d - 20 = 2*s, -3*d + 4*s = 2*d - 28. Suppose -m - 2*l = 2*m - 60, -d*l + 20 = m. What is the remainder when m is divided by (0 - 1) + 1 - -7?
6
Let g be 0 + (1 - 3) - -3. Let o = 2 + g. Suppose o*m = 86 - 29. Calculate the remainder when 36 is divided by m.
17
Suppose 30 = 4*l - 26. Let s = 11 + l. What is the remainder when 48 is divided by s?
23
Let v(w) = 24*w**3 - 5*w + 7. Calculate the remainder when v(2) is divided by 48.
45
Let o(c) = c + 3. Calculate the remainder when 43 is divided by o(6).
7
Suppose -4*a + 0*a + 20 = 0. Let r(v) = 2*v**2 - v - 5. Suppose -3*t + 4*o + 28 = -t, -5*o = -4*t + 56. What is the remainder when r(a) is divided by t?
12
Let d(o) = -3*o**3 + 2*o**2 + 5*o + 2. Let b(s) = 2*s**3 - 2*s**2 - 4*s - 1. Let q(h) = 5*b(h) + 4*d(h). Calculate the remainder when q(-3) is divided by 8.
7
Suppose 5 = 2*m + m - 4*k, -2*k + 1 = -m. What is the remainder when m is divided by 1?
0
Let c be 6/4*(-88)/33. What is the remainder when 36 - (c/(-1) + -3) is divided by 13?
9
Let b(t) = t**3 - 9*t**2 + 8*t + 6. Let y be b(8). Suppose 1 - y = -g. Suppose -a - g*s = 4, a + 3*s = 2*a - 20. What is the remainder when a is divided by 4?
3
Suppose -30 = -3*s - 2*s. What is the remainder when 16 is divided by s?
4
Let d = 7 - 11. Calculate the remainder when -1 + 8/d - -7 is divided by 2.
0
Let g = 8 - -136. Let x = g + -83. Calculate the remainder when x is divided by 21.
19
Calculate the remainder when 22 is divided by (-25 - -29) + (-1 + 1)/(-1).
2
Let f = -32 + 155. Let c = f - 64. Calculate the remainder when c is divided by 20.
19
Let x(k) = -k + 19. What is the remainder when 55 is divided by x(4)?
10
Suppose -2*f - 5*u = -u - 26, 0 = 2*u + 6. Calculate the remainder when 52 is divided by f.
14
Let r(z) = 2